 = -19 - -14. What are the prime factors of h(n)?
2, 3
Let s(z) = -z**3 + 8*z**2 - 6*z - 6. What are the prime factors of s(6)?
2, 3, 5
Suppose 4*r - 27 = 53. What are the prime factors of r?
2, 5
Let i(l) = 0*l - 2*l + 3*l + 8. Let t be i(-10). List the prime factors of (-6)/1*2/t.
2, 3
List the prime factors of (5 + -6)/(1/(-46)).
2, 23
Suppose -2*q - 1 = 1, -5*k - 5*q = 150. Let n = -12 - k. Suppose n + 18 = 5*h. List the prime factors of h.
7
Suppose 0 = -4*i + 154 - 54. Let n = i + -16. List the prime factors of n.
3
Let b(r) = -r**2 + r + 1. Let t be -3*2/(-3) + -2. Let f be b(t). Suppose d = f + 4. List the prime factors of d.
5
Let u(j) = j**3 + 2*j - 1. Let s be u(1). Let o = s - 3. List the prime factors of -6*(-1)/((-2)/o).
3
Suppose 2*k = z - 11 - 6, 3*k - 62 = -2*z. List the prime factors of z.
5
List the prime factors of ((-12)/(-4) - 4) + 56.
5, 11
Let r be 0/((-3 + 0)/(-3)). Let y = 12 + r. What are the prime factors of y?
2, 3
Suppose -51 = 2*l - 3*l. List the prime factors of ((-2)/3)/((-2)/l).
17
Suppose 0 = 2*a - 3*a + 1. Let m = 26 - a. List the prime factors of m.
5
Suppose -7*q - 4*q = -539. What are the prime factors of q?
7
Suppose 2*u = 2*v + 4, 3*v + 3*u = -0*u. Let f(k) = -13*k + 1. What are the prime factors of f(v)?
2, 7
Suppose -34 = -3*d + o, -37 = -d - 3*d + 3*o. Suppose -5*h = -p - 2 - d, p = -3*h + 17. List the prime factors of p.
5
Suppose 0 = -3*o + 5 + 1. Let a be (-4)/(-14) + (-2134)/(-77). Suppose -l + k + a = -o*k, 3*l - 32 = -4*k. List the prime factors of l.
2
Suppose -k = l - 0*l - 6, 21 = 2*k - l. Suppose 4*p + k = 3*a, p - 2 = -4*a + 10. List the prime factors of a.
3
Let w be 1/4 - (-2)/(-8). Let u = -2 + w. List the prime factors of ((-8)/(-4))/(u/(-9)).
3
Let p = -23 - -67. Suppose -p = 5*f - 7*f. List the prime factors of f.
2, 11
Suppose -5*m + 4*t = -851, -4*m + 5*t - 4*t + 683 = 0. List the prime factors of m.
3, 19
Let t(o) = -4*o + 49. What are the prime factors of t(11)?
5
Let y be 56/(-9) + 6/27. Let v = -6 - y. Suppose -5*q - 5*m = -20, -4*m - 38 = -2*q - v*q. List the prime factors of q.
3
Suppose -19*c - 196 = -21*c. List the prime factors of c.
2, 7
What are the prime factors of 11/(-4)*-4 - -2?
13
Suppose 6*h - 88 = 2*h. What are the prime factors of h?
2, 11
Suppose 4*b - 5*m - 284 = 0, -2*b - 4*m + 0*m + 142 = 0. List the prime factors of b.
71
Suppose -7*r = -4*r + 27. Let a = 11 + r. Suppose -5*y + 21 = 3*h, 5*y + 0*h = -a*h + 19. What are the prime factors of y?
3
Let q = 199 - 38. List the prime factors of q.
7, 23
Let b(d) = d**3 + 10*d**2 + 10*d - 19. Let q be b(-9). Let u be 16/(-7) + 4/14. What are the prime factors of u/(2*2/q)?
2, 7
Let i(n) = -n**3 - 9*n**2 - n + 9. List the prime factors of i(-9).
2, 3
Let w be 42/8 + 1/(-4). Suppose 0*b = 4*x - 5*b - 27, w*x - 21 = 2*b. What are the prime factors of x?
3
Suppose -9*i = -5*i - 56. Suppose -3*r - 7 = -5*u + i, 5*r = -2*u - 4. List the prime factors of u.
3
Suppose -2*v = -3*x - 332, 817 = 4*v + v - x. What are the prime factors of v?
163
Suppose 8 + 0 = -w. Let b = w + 14. What are the prime factors of b?
2, 3
List the prime factors of 1/6 - 740/(-24).
31
Let q(s) = -2*s**3 - 4*s**2 - 3*s + 4. Let t be (1 - 4)*(2 + -1). Let o be q(t). Suppose -o + 81 = 5*v. What are the prime factors of v?
2, 5
Let l(n) = n**3 - 6*n**2 + 5*n + 3. Suppose -80 = q - 5*q. Suppose -1 - 4 = -s + 5*z, -q = -4*s - 5*z. List the prime factors of l(s).
3
List the prime factors of ((-390)/(-20))/(2/4).
3, 13
Suppose -4*t - 2*f - 3 + 15 = 0, 4*t - 24 = 4*f. What are the prime factors of (-12)/(-24) + 58/t?
3, 5
Suppose -173 = -3*u + 5*c, u + u + c - 124 = 0. List the prime factors of u.
61
Suppose t = -3*b + 10, b + t = -t + 10. List the prime factors of b.
2
Let h(a) be the first derivative of -a**2/2 + a - 1. Let s be h(1). Suppose -5*u - 23 = -f, 5*f + 2*u + s - 34 = 0. List the prime factors of f.
2
Suppose 4*d + 5*h - 33 - 72 = 0, 5*d - 95 = h. List the prime factors of d.
2, 5
Suppose -2*a + 3*b = -63, -3*b = 3*a + b - 120. What are the prime factors of a?
2, 3
Suppose 19 = -0*j + j. What are the prime factors of j?
19
Suppose 2*y - 166 = -4*c, 0*c + 3*c = -4*y + 112. Let b(d) = -32*d + 1. Let u be b(1). Let i = c + u. List the prime factors of i.
13
Suppose 5*z = 5 + 5. Suppose 5*c - 17 = -z. What are the prime factors of c?
3
Let c be (-6)/(6/(-21) - 0). Suppose 2*f + 4*z - 44 = 0, -3*f + 3*z + c = -0*z. List the prime factors of f.
2, 3
What are the prime factors of (-28)/(-8)*(-16)/(-28)?
2
Let t = -7 + 12. Suppose t*r - 2*a = 156 - 9, 4*r + 2*a - 114 = 0. What are the prime factors of r?
29
Suppose -1148 = -8*q + 28. List the prime factors of q.
3, 7
Let x(h) = 14*h**3 - h + 1. Let c be x(1). Let k be 78/65 - 1/5. What are the prime factors of c/(2 - (1 - k))?
7
Suppose x = -2*x + 4*b + 142, 3*x - 133 = -5*b. Suppose -2*y - 17 = -2*r + r, x = 5*r + 3*y. What are the prime factors of r?
11
Let x(b) = 2*b - 2. Let u be x(2). Suppose -90 = -4*h - 4*s + 6, -h - 4*s + 15 = 0. Suppose -g = u*g - h. List the prime factors of g.
3
Suppose 2*m + 210 = 4*l, -8*m = -3*m - 15. Suppose -k + l = 2*k. List the prime factors of k.
2, 3
Let z(w) = -w**2 + 0*w**2 - w**3 + 0*w - 1 + 2*w. Suppose 5*d + 9 = 2*d. What are the prime factors of z(d)?
11
Let o(a) = -14*a - 1. Let w = 0 - -1. Let u(m) = -2*m**3 + 2*m**2 - m. Let z be u(w). List the prime factors of o(z).
13
Let d = 63 + -23. List the prime factors of d.
2, 5
Suppose -5*f = 3*p - 249, -4*f + 2*f - 72 = -p. What are the prime factors of p?
2, 3, 13
Let g(w) = -3*w - 40. Let b be g(-9). Let n(c) = -c**3 - 2*c**2 + 2*c - 3. Let i be n(-4). Let r = i + b. What are the prime factors of r?
2
Suppose -3*v + n = -v - 17, v - 21 = 3*n. What are the prime factors of v?
2, 3
Let k(l) = -l**2 - 13*l - 13. Let f be k(-7). Let c = f - 5. List the prime factors of c.
2, 3
Suppose -6*g = -4*l - 3*g + 74, -2*g + 4 = 0. What are the prime factors of l?
2, 5
Let s(j) = 4*j**2 - 1. List the prime factors of s(-3).
5, 7
Let g = 14 + -6. What are the prime factors of g?
2
Let p be ((-9)/6)/(6/(-8)). Let d be 1/p + 85/(-10). Let c = d - -10. List the prime factors of c.
2
Suppose -5*b - v = -1, 2*v + 0 = 4*b + 2. Suppose b = -p + 6. What are the prime factors of p?
2, 3
Suppose 0 = 2*n - 133 + 43. What are the prime factors of n?
3, 5
What are the prime factors of 5/(15/198) + 0?
2, 3, 11
Let j(d) = -d**3 + 12*d**2 - 11*d + 1. Let a be j(11). Let l = a + 0. List the prime factors of (2 - l)/((-2)/(-4)).
2
Suppose -3*u = -3*v + 108, 5*u = v + 3*u - 36. List the prime factors of v.
2, 3
Let m(c) = 6*c**2 + 3*c + 2. Let q(g) = 7*g**2 + 2*g + 2. Let h(y) = 3*m(y) - 2*q(y). List the prime factors of h(-3).
23
Suppose 3*l + 2*l + 10 = 0. Let o be 3/4 - (-76)/(-16). What are the prime factors of l - -11 - o/(-2)?
7
Let h = -2 + 4. Suppose u = h*u + 9. Let j = 18 + u. List the prime factors of j.
3
Suppose 3*a = 2*a + 4. Suppose a*j - 34 = -3*d, 5*d - 4*j + 21 - 67 = 0. List the prime factors of d.
2, 5
Let s = -2 + 0. Let a = s - -3. Let q = 7 - a. List the prime factors of q.
2, 3
Let h = -5 + 22. Let x = 50 - h. List the prime factors of x.
3, 11
Suppose 3*l = 5*a + 6, l + l - 4 = -5*a. List the prime factors of l.
2
Suppose -2*d - 3*h + 41 = 0, 8*d - 2*h - 112 = 3*d. Suppose d = 12*k - 11*k. What are the prime factors of k?
2, 11
List the prime factors of 89 - 3 - 3 - -5.
2, 11
Let w(d) = 4*d + 14. What are the prime factors of w(9)?
2, 5
Let i(u) = -u**3 + 5*u**2 - u + 1. Let m be i(5). List the prime factors of (-2)/m*4 + 11.
13
Let v(k) = k + 6. Let f be v(-5). What are the prime factors of (f/3)/(1/9)?
3
Let y be 43/6 - 5/30. Let w = 20 - 10. Let u = w - y. What are the prime factors of u?
3
Let u(y) be the first derivative of y**4/4 + 11*y**3/3 + 4*y**2 - 2*y + 1. List the prime factors of u(-10).
2, 3
Let k = 14 - 9. Let q = k - -21. What are the prime factors of q?
2, 13
Suppose 4*v - 164 = 2*v. What are the prime factors of v?
2, 41
Let n(a) = -a - 1. Let w be n(-5). Let t(r) be the first derivative of r**4/4 - r**3 - r**2 + 5*r + 2. List the prime factors of t(w).
13
Let m(v) = v**3 - 8*v**2 + v - 2. What are the prime factors of m(8)?
2, 3
Let g(k) = 3*k - 11. Let j(a) = -a + 5. Let t(v) = 4*g(v) + 9*j(v). L